sands digit of 47905569?
5
What is the hundred millions digit of 845607664?
8
What is the thousands digit of 268574923?
4
What is the millions digit of 2387810728?
7
What is the billions digit of 1408332632?
1
What is the units digit of 568848751?
1
What is the units digit of 365501932?
2
What is the hundred thousands digit of 242155335?
1
What is the millions digit of 144969938?
4
What is the hundreds digit of 470219804?
8
What is the hundreds digit of 400945753?
7
What is the tens digit of 1442863274?
7
What is the ten thousands digit of 98959326?
5
What is the ten millions digit of 2665607168?
6
What is the hundred millions digit of 747861151?
7
What is the ten millions digit of 713026637?
1
What is the hundreds digit of 1895900567?
5
What is the ten thousands digit of 313322852?
2
What is the thousands digit of 799714498?
4
What is the thousands digit of 131869884?
9
What is the hundreds digit of 9425821524?
5
What is the tens digit of 27661241?
4
What is the tens digit of 30075888?
8
What is the ten millions digit of 12293125?
1
What is the thousands digit of 96980963?
0
What is the hundred thousands digit of 476598461?
5
What is the billions digit of 1909107565?
1
What is the tens digit of 203409740?
4
What is the ten thousands digit of 52805389?
0
What is the thousands digit of 3641099205?
9
What is the hundreds digit of 371982997?
9
What is the ten millions digit of 706694847?
0
What is the hundred thousands digit of 1127571723?
5
What is the units digit of 27397513?
3
What is the tens digit of 5333634711?
1
What is the hundreds digit of 112313111?
1
What is the millions digit of 96952846?
6
What is the units digit of 1814677641?
1
What is the tens digit of 111323967?
6
What is the hundred thousands digit of 5738093?
7
What is the millions digit of 199428825?
9
What is the thousands digit of 521100596?
0
What is the hundreds digit of 344488402?
4
What is the ten thousands digit of 1048950584?
5
What is the ten millions digit of 23464431?
2
What is the thousands digit of 54630233?
0
What is the thousands digit of 9548142?
8
What is the millions digit of 22716304?
2
What is the millions digit of 81511793?
1
What is the hundreds digit of 85136985?
9
What is the tens digit of 278656264?
6
What is the tens digit of 17620636?
3
What is the ten millions digit of 182707370?
8
What is the thousands digit of 2860703913?
3
What is the hundreds digit of 108841650?
6
What is the ten thousands digit of 88528017?
2
What is the ten millions digit of 123213438?
2
What is the thousands digit of 5104746969?
6
What is the ten thousands digit of 687887440?
8
What is the thousands digit of 986142354?
2
What is the thousands digit of 152691834?
1
What is the thousands digit of 1345148?
5
What is the thousands digit of 5593452?
3
What is the thousands digit of 61747467?
7
What is the ten millions digit of 348853860?
4
What is the millions digit of 11130064?
1
What is the units digit of 93362499?
9
What is the thousands digit of 506681636?
1
What is the units digit of 317078768?
8
What is the billions digit of 7723706265?
7
What is the thousands digit of 5107446?
7
What is the ten thousands digit of 44947106?
4
What is the ten millions digit of 238112087?
3
What is the hundred thousands digit of 91286541?
2
What is the tens digit of 122934450?
5
What is the millions digit of 97666783?
7
What is the hundred thousands digit of 5190538296?
5
What is the thousands digit of 151259525?
9
What is the hundred millions digit of 2312118547?
3
What is the hundred millions digit of 174311888?
1
What is the ten thousands digit of 49293982?
9
What is the units digit of 216452627?
7
What is the tens digit of 27112047?
4
What is the tens digit of 135679434?
3
What is the hundreds digit of 58103805?
8
What is the ten thousands digit of 218332094?
3
What is the tens digit of 186844477?
7
What is the tens digit of 25837708?
0
What is the ten millions digit of 2200576588?
0
What is the ten thousands digit of 643594835?
9
What is the ten thousands digit of 263314111?
1
What is the ten thousands digit of 4223614840?
1
What is the hundreds digit of 2091868764?
7
What is the tens digit of 575855032?
3
What is the thousands digit of 197688549?
8
What is the ten thousands digit of 128641800?
4
What is the millions digit of 2494607744?
4
What is the units digit of 993832356?
6
What is the ten thousands digit of 216263441?
6
What is the ten millions digit of 36003644?
3
What is the hundreds digit of 394063501?
5
What is the hundred thousands digit of 231629747?
6
What is the millions digit of 94628380?
4
What is the thousands digit of 1764141401?
1
What is the billions digit of 1990424736?
1
What is the hundred thousands digit of 589834981?
8
What is the millions digit of 3594743274?
4
What is the ten thousands digit of 673808740?
0
What is the hundred thousands digit of 58508753?
5
What is the ten millions digit of 175345998?
7
What is the hundred millions digit of 581284195?
5
What is the millions digit of 113332145?
3
What is the hundred thousands digit of 216883295?
8
What is the millions digit of 98127010?
8
What is the millions digit of 3544115663?
4
What is the hundreds digit of 1301225623?
6
What is the hundred millions digit of 1161312778?
1
What is the millions digit of 2250955899?
0
What is the ten thousands digit of 150599145?
9
What is the units digit of 445310419?
9
What is the ten thousands digit of 678018866?
1
What is the billions digit of 7406529705?
7
What is the thousands digit of 2504584444?
4
What is the tens digit of 134526547?
4
What is the hundreds digit of 2480173395?
3
What is the ten thousands digit of 370798610?
9
What is the hundreds digit of 40576259?
2
What is the thousands digit of 115158455?
8
What is the hundreds digit of 30447389?
3
What is the hundred millions digit of 1216660194?
2
What is the hundreds digit of 1256001509?
5
What is the hundreds digit of 1137396741?
7
What is the ten thousands digit of 36736258?
3
What is the ten thousands digit of 3339001925?
0
What is the hundreds digit of 1158257010?
0
What is the thousands digit of 116829712?
9
What is the thousands digit of 249223130?
3
What is the millions digit of 1118982089?
8
What is the ten millions digit of 63275381?
6
What is the hundred thousands digit of 128139793?
1
What is the thousands digit of 1346120753?
0
What is the hundred thousands digit of 1166815694?
8
What is the units digit of 61537907?
7
What is the hundreds digit of 417223862?
8
What is the ten thousands digit of 54240322?
4
What is the hundred thousands digit of 58869872?
8
What is the hundred thousands digit of 17531875?
5
What is the hundred millions digit of 552600516?
5
What is the tens digit of 89584700?
0
What is the ten thousands digit of 1093639249?
3
What is the units digit of 728854835?
5
What is the ten thousands digit of 2040190749?
9
What is the thousands digit of 93235292?
5
What is the hundreds digit of 7789461669?
6
What is the hundred thousands digit of 431728899?
7
What is the thousands digit of 2187307315?
7
What is the ten thousands digit of 1390036781?
3
What is the tens digit of 233381217?
1
What is the hundreds digit of 3944149?
1
What is the ten millions digit of 1360842501?
6
What is the ten thousands digit of 197363897?
6
What is the thousands digit of 95032388?
2
What is the tens digit of 91787971?
7
What is the ten thousands digit of 310002426?
0
What is the hundreds digit of 643731708?
7
What is the thousands digit of 2120338406?
8
What is the hundreds digit of 289611794?
7
What is the billions digit of 2860164264?
2
What is the ten millions digit of 32613197?
3
What is the hundreds digit of 508979374?
3
What is the hundred thousands digit of 1958987344?
9
What is the millions digit of 278909469?
8
What is the billions digit of 2620425715?
2
What is the millions digit of 254639422?
4
What is the ten thousands digit of 2349785511?
8
What is the tens digit of 1266444004?
0
What is the tens digit of 107250038?
3
What is the millions digit of 182414102?
2
What is the hundred thousands digit of 63396986?
3
What is the hundred millions digit of 542013691?
5
What is the ten millions digit of 178543295?
7
What is the units digit of 246065952?
2
What is the hundred thousands digit of 1146155011?
